 by 6112?
6110
What is the remainder when 17768043 is divided by 23565?
33
What is the remainder when 27827154 is divided by 819?
810
Calculate the remainder when 38664386 is divided by 258.
248
What is the remainder when 5830942 is divided by 7869?
13
What is the remainder when 176090758 is divided by 1173?
1171
Calculate the remainder when 1659400 is divided by 829681.
38
What is the remainder when 46396532 is divided by 1097?
14
Calculate the remainder when 84917 is divided by 473.
250
Calculate the remainder when 1447933 is divided by 172.
37
What is the remainder when 72999 is divided by 453?
66
What is the remainder when 3277511 is divided by 12?
11
What is the remainder when 37140553 is divided by 2452?
109
What is the remainder when 2237081 is divided by 787?
427
What is the remainder when 3516786 is divided by 44?
42
Calculate the remainder when 7417159 is divided by 313.
311
Calculate the remainder when 3024435 is divided by 252028.
99
What is the remainder when 10513780 is divided by 5256764?
252
Calculate the remainder when 11382381 is divided by 53690.
101
What is the remainder when 282501 is divided by 413?
9
Calculate the remainder when 53261667 is divided by 42.
39
What is the remainder when 95969 is divided by 1261?
133
Calculate the remainder when 241769 is divided by 48216.
689
Calculate the remainder when 22161716 is divided by 14.
10
Calculate the remainder when 26764 is divided by 24956.
1808
What is the remainder when 374811952 is divided by 152177?
1
Calculate the remainder when 252551 is divided by 50506.
21
Calculate the remainder when 1502151 is divided by 202.
79
What is the remainder when 59383 is divided by 3978?
3691
What is the remainder when 77452831 is divided by 2360?
2351
Calculate the remainder when 17591 is divided by 249.
161
Calculate the remainder when 40719 is divided by 13380.
579
Calculate the remainder when 72370 is divided by 549.
451
Calculate the remainder when 1548388 is divided by 7170.
6838
Calculate the remainder when 173773194 is divided by 2770.
14
Calculate the remainder when 2024930 is divided by 79.
2
Calculate the remainder when 1810511 is divided by 1810504.
7
Calculate the remainder when 296202 is divided by 73857.
774
What is the remainder when 2200052 is divided by 12791?
0
What is the remainder when 17894258 is divided by 897?
5
What is the remainder when 219137 is divided by 1126?
693
What is the remainder when 1375275 is divided by 177?
162
Calculate the remainder when 7572454 is divided by 129.
25
What is the remainder when 924451 is divided by 10746?
295
What is the remainder when 44324 is divided by 1054?
56
What is the remainder when 54668550 is divided by 1543?
60
What is the remainder when 14351684 is divided by 351?
347
What is the remainder when 57145 is divided by 572?
517
What is the remainder when 37869979 is divided by 4733746?
11
Calculate the remainder when 737714 is divided by 3224.
2642
What is the remainder when 508764 is divided by 18?
12
What is the remainder when 375964276 is divided by 6451?
6447
Calculate the remainder when 2631 is divided by 741.
408
Calculate the remainder when 242421 is divided by 3314.
499
What is the remainder when 3345 is divided by 48?
33
What is the remainder when 11334602 is divided by 556?
542
Calculate the remainder when 76404 is divided by 6054.
3756
Calculate the remainder when 18020814 is divided by 46.
38
Calculate the remainder when 78315 is divided by 8640.
555
Calculate the remainder when 42830 is divided by 595.
585
What is the remainder when 52606564 is divided by 1753552?
4
What is the remainder when 2449216 is divided by 128906?
2
What is the remainder when 11902876 is divided by 190?
136
What is the remainder when 2146636 is divided by 10320?
76
What is the remainder when 228421 is divided by 228400?
21
What is the remainder when 1366511 is divided by 45?
41
Calculate the remainder when 130740779 is divided by 2345.
2339
Calculate the remainder when 23259788 is divided by 202259.
3
What is the remainder when 1367901 is divided by 3638?
13
Calculate the remainder when 627815 is divided by 957.
23
Calculate the remainder when 253743 is divided by 1123.
1068
Calculate the remainder when 187214 is divided by 114.
26
What is the remainder when 2490102 is divided by 21843?
0
Calculate the remainder when 264290 is divided by 33012.
194
What is the remainder when 1760847 is divided by 1136?
47
Calculate the remainder when 529324 is divided by 15.
4
What is the remainder when 799364 is divided by 13547?
91
What is the remainder when 392469 is divided by 4266?
4263
Calculate the remainder when 2214658 is divided by 36.
10
What is the remainder when 2976201 is divided by 372020?
41
What is the remainder when 167753242 is divided by 33550647?
7
What is the remainder when 321559288 is divided by 65?
63
What is the remainder when 319749 is divided by 886?
789
What is the remainder when 43975005 is divided by 126?
123
What is the remainder when 45896 is divided by 9151?
141
What is the remainder when 2130625 is divided by 248?
57
Calculate the remainder when 3652 is divided by 1770.
112
Calculate the remainder when 242922 is divided by 2165.
442
Calculate the remainder when 4018314 is divided by 14.
6
Calculate the remainder when 14247882 is divided by 2035408.
26
Calculate the remainder when 737616 is divided by 130.
126
Calculate the remainder when 5003567 is divided by 144.
143
What is the remainder when 1799006 is divided by 20213?
49
Calculate the remainder when 339928 is divided by 78.
4
Calculate the remainder when 36385687 is divided by 356.
351
What is the remainder when 15971882 is divided by 13757?
5
What is the remainder when 6814922 is divided by 2271636?
14
What is the remainder when 173024 is divided by 15728?
16
What is the remainder when 6074008 is divided by 469?
458
Calculate the remainder when 910715 is divided by 60713.
20
What is the remainder when 613598 is divided by 68069?
977
Calculate the remainder when 831794 is divided by 2513.
2504
What is the remainder when 499272 is divided by 166377?
141
Calculate the remainder when 95470714 is divided by 17.
6
What is the remainder when 74573 is divided by 201?
2
What is the remainder when 920270 is divided by 10960?
10590
What is the remainder when 2637923 is divided by 10304?
99
Calculate the remainder when 258425 is divided by 2059.
1050
Calculate the remainder when 13104 is divided by 6491.
122
What is the remainder when 5772085 is divided by 236?
233
What is the remainder when 4022425 is divided by 101?
100
What is the remainder when 17900329 is divided by 3962?
13
Calculate the remainder when 5179213 is divided by 99.
28
Calculate the remainder when 236410 is divided by 1299.
1291
What is the remainder when 1248054 is divided by 624024?
6
What is the remainder when 3608998 is divided by 601440?
358
Calculate the remainder when 56465912 is divided by 1207.
38
What is the remainder when 77599 is divided by 488?
7
What is the remainder when 1580954 is divided by 328?
322
Calculate the remainder when 280511 is divided by 279854.
657
What is the remainder when 366091 is divided by 4025?
3841
Calculate the remainder when 161644 is divided by 2523.
172
Calculate the remainder when 469889 is divided by 173.
21
What is the remainder when 241362 is divided by 40112?
690
What is the remainder when 4735728 is divided by 433?
7
Calculate the remainder when 31687 is divided by 971.
615
What is the remainder when 1748879 is divided by 44?
11
Calculate the remainder when 236226829 is divided by 1855.
1854
What is the remainder when 37150439 is divided by 269206?
11
What is the remainder when 352845598 is divided by 400?
398
What is the remainder when 167604 is divided by 27697?
1422
What is the remainder when 3301314 is divided by 542?
534
Calculate the remainder when 128787 is divided by 243.
240
Calculate the remainder when 23328332 is divided by 339.
47
Calculate the remainder when 723465503 is divided by 4195.
4193
What is the remainder when 289242 is divided by 32130?
72
What is the remainder when 216451 is divided by 82?
53
What is the remainder when 56080624 is divided by 28040308?
8
Calculate the remainder when 1026850 is divided by 171141.
4
Calculate the remaind